b?
1
Suppose 0*p = -3*p - 6. What is the units digit of (-23 - 3)/(-2) + p?
1
What is the tens digit of ((-4)/6*1)/((-32)/912)?
1
Let s(d) be the second derivative of d**3/6 + 3*d**2 + 7*d. What is the tens digit of s(11)?
1
What is the tens digit of 30/(-18)*(-1 + -9 - -1)?
1
Let n(j) = -11*j - 2. Let q be n(-7). Suppose -c = -3, -5*f - 5*c + q = -0*f. Suppose -3 = -3*k + f. What is the units digit of k?
5
Let f = -41 + 41. Let a = -117 - -183. Suppose 5*r - 3*o = a, r + r + 3*o - 39 = f. What is the units digit of r?
5
Let b(w) be the third derivative of w**6/120 - w**5/10 + w**4/12 - 5*w**3/6 - 4*w**2. Let i be 112/18 + 4/(-18). What is the units digit of b(i)?
7
Let c be ((-5)/(5/26))/(-2). Suppose 5*z - c = 4*z. What is the tens digit of z?
1
Suppose k = 5*c + 22, 3*k - 4*k = -3*c - 24. What is the tens digit of k?
2
Suppose 2*q = -a + 121, 2*a = -3*q - 0*a + 181. What is the tens digit of q?
6
Let m be (-3)/(-3)*-2*-2. Suppose -b - 2 = m*n - 0*b, -4 = 2*b. Suppose n*d - 13 = -d - f, 4*f = -d + 25. What is the units digit of d?
9
Let g(m) = m + 9. Let l be g(-6). Suppose 0 = 4*t + 3*q - 15, -t - q + l = -1. What is the units digit of t?
3
What is the units digit of 2/8 + 6327/36?
6
Let o be 2 + (0 - -1) - 4. Let p = o - -3. Suppose -p*x + x + 11 = 0. What is the units digit of x?
1
Let g be 56/5 - (-3)/(-15). Suppose 7*p - 122 - g = 0. What is the tens digit of p?
1
Let h(m) = m**3 + 7*m**2 - 6*m + 10. Let l be h(-8). Let k be -3*5/6*-2. Let j = k - l. What is the tens digit of j?
1
Suppose v - 2*f = 2*f + 42, 3*v - 66 = -3*f. What is the units digit of v?
6
Let s = 0 + 0. Let c = -16 - -40. Suppose s*n - 2*n = -c. What is the tens digit of n?
1
Let d(i) = 10*i - 25. What is the units digit of d(6)?
5
Let u(q) = -q**3 + 11*q**2 + 13*q - 3. Let x(w) = 12*w**2 + w + 1. Let o be x(-1). What is the units digit of u(o)?
9
Suppose -39 = -2*j + j + 3*t, -5*j = t - 115. Suppose 58 = 2*x - j. What is the tens digit of x?
4
Suppose 10 = 5*r, 2*r - 21 = -y + r. What is the tens digit of y?
1
Let y(d) = -d**3 + 22*d**2 + 6*d - 24. What is the hundreds digit of y(22)?
1
Let z(n) = -n - 3. What is the units digit of z(-5)?
2
Let a = -13 + 6. Let o be 4/14 + 23/a. What is the units digit of 1 - o - (3 - 5)?
6
Let f(v) be the first derivative of -v**4/4 - 10*v**3/3 + 5*v**2 + 2*v + 1. What is the units digit of f(-11)?
3
Let m = 12 + -9. What is the units digit of m?
3
Let l(x) = x**2 - 2. Let r be l(2). Let g(z) = -2*z**2 + z + 2. Let f be g(r). What is the units digit of ((-2)/(-3))/(f/(-12))?
2
Let l be ((-6)/(-4))/(5/10). What is the units digit of (-5 - -2)/(l/(-15))?
5
Let w = -16 + 14. What is the tens digit of 1*(-45 - 1)/w?
2
Let f(d) = -d**2 + 8*d + 5. Let t be (6/(-4))/(2/(-4)). Let x = t - -4. What is the units digit of f(x)?
2
What is the units digit of 2700/126 - (-3)/(-7)?
1
Suppose 5*q + 5 = -0. Let i = 29 + q. What is the units digit of i?
8
Suppose -5*p = -p + 5*f + 7, p + 7 = -3*f. What is the units digit of (-1 + 27/6)*p?
7
Suppose 0 = 55*k - 51*k - 244. What is the tens digit of k?
6
Let x(m) = 2*m + 9. Let v be x(8). Suppose 2*u = -1 + v. What is the units digit of u?
2
Let q = 14 - 5. What is the tens digit of (3/q)/(3/90)?
1
Let s be 4/(-18) + (-460)/36. Let m = -12 - s. What is the units digit of m?
1
Let t = -18 - -31. What is the units digit of t?
3
Let r be -2 - (3 + 10*-1). Suppose 2*u + 5 = i, -r*i - 3*u = -8*u - 20. What is the units digit of i?
3
Let w(r) = r**3 - 4*r**2 - 2*r + 5. Let n be w(4). Let f = n + 8. Suppose -3*q = i - 22, 6*q = q + f*i + 30. What is the units digit of q?
7
Suppose 5*i - 35 = -2*j, -2*j = 2*i - 4 - 16. Suppose 3*g - 3*r = 0, 2*r = i*g - r - 8. What is the units digit of g?
4
Suppose -2*x + 25 = 3*x. What is the units digit of x?
5
Let j(v) = 4 + 0*v - 2*v + 2 - 5. What is the units digit of j(-4)?
9
Let i(s) = -s + 8. Let o be i(7). Let u(q) = 7*q. What is the units digit of u(o)?
7
Let x be 234/27*6/4. Let y = -7 + x. What is the units digit of y?
6
Suppose -y = 2 - 5. Suppose 0 = 3*v - 5*v. Suppose -3*w + 42 = 5*o - v*o, y*o - 10 = 2*w. What is the units digit of o?
6
Let l = -233 - -408. What is the hundreds digit of l?
1
Let y(a) = 3*a**3 + a**2 + 8*a - 2. What is the tens digit of y(3)?
1
Let t = 9 + -9. Suppose t = -3*q - 5*x + 75, q + 3*q + 2*x = 86. What is the tens digit of q?
2
Suppose -3*r - 2 - 4 = 0. Let m(n) = 3*n**2 - 2*n - 1. What is the units digit of m(r)?
5
Suppose 2*y - 5 = -c, 7 - 2 = -3*y + c. Let v = -2 + 4. Suppose -v*x + y = -6. What is the units digit of x?
3
Let r(j) = j**2 - 5*j - 5. What is the tens digit of r(-5)?
4
Let y be -5 + (1 - 3) + 3. What is the units digit of y + 1 + 44 + 1?
2
Let i be -2 - -3 - -2*1. Let m = 10 - 1. Let s = m - i. What is the units digit of s?
6
Suppose 3*r - 2*k - 1 + 19 = 0, 2*k = 6. What is the units digit of (-74)/(-9) + r/18?
8
Suppose 0*n = -n + 1. Let g = -8 + n. What is the units digit of (-7)/(g/10) - -3?
3
Let i(d) = 7*d**2 - 4*d**3 - 3*d - 4*d + 5*d**3 + 11. Let k be i(-8). Suppose k*m + 2*m = 15. What is the units digit of m?
3
Suppose 3*a - 219 = 5*n - 2*n, 0 = 3*a + n - 219. What is the tens digit of a?
7
Let t(f) = -2*f**3 - f**2 - f + 11. What is the units digit of t(0)?
1
Let w(s) = s + 1. Let h = 1 - 4. Let m(u) = -u**2 - u + 4. Let r(f) = h*w(f) + m(f). What is the units digit of r(-4)?
1
Let u(o) = o**2 - 5*o + 4. Let i be 6 + 0 - (-12 - -13). What is the units digit of u(i)?
4
Let n(d) = 3*d - 7. Let l be n(10). Let k = l + -15. What is the units digit of k?
8
Let k = -14 + 10. Let u(n) = n**2 + 4*n + 4. Let b be u(k). Suppose b - 14 = -2*h. What is the units digit of h?
5
Let l(o) = 38*o - 37. What is the tens digit of l(11)?
8
Suppose -a - 4 = -10. What is the tens digit of a*((-4)/(-8) + 3)?
2
Let a(z) = -z**3 - 3*z**2 + 4*z - 6. What is the units digit of a(-5)?
4
Suppose -4*l - l + 15 = 0. Let w = -3 - 18. What is the tens digit of w/(-14)*22/l?
1
Let r = -41 + 59. Suppose -3*w - 3*d = -r, w = 2*d + d + 14. What is the units digit of w?
8
What is the tens digit of (38/(-6) - -5)/(1/(-21))?
2
Suppose -m + 3 = 35. What is the units digit of (m/(-20))/2*20?
6
Let j be 1 + -2 + 3/1. Let f = j - 0. Suppose f*y = -3*y + 20. What is the units digit of y?
4
Let q = 87 + -50. What is the tens digit of q?
3
Let k(l) = l**2 + 13*l + 5. Let q be k(-8). Let v = 54 + q. What is the tens digit of v?
1
Let o(v) = 15 - 24 + 5*v**2 + 11 - v**3 + 5*v. What is the units digit of o(5)?
7
Let b = -194 + 395. What is the hundreds digit of b?
2
Let p(q) = 11*q**2 + 5*q - 8. What is the units digit of p(2)?
6
Suppose 0 = -0*i + 5*i + 50. Let j = i + 20. What is the units digit of j?
0
Let l = 4 + 4. Let x = l + -16. What is the tens digit of x/(-12) + 31/3?
1
Let w(n) = -4*n + 3 + 5*n - 4. What is the tens digit of w(11)?
1
Suppose 2*g = 3*y + 11, 2*g + 2*g - 5*y = 21. Suppose g*f = 24 + 24. What is the tens digit of f?
1
Let g(q) = -24*q - 2. Let o be g(-2). Let b = o + -31. Let x = -3 + b. What is the units digit of x?
2
Suppose -x + 1619 = 4*s, -4*s + 5*x = -s - 1197. Let k be s/24 + (-2)/(-12). Suppose 3*o = k + 7. What is the units digit of o?
8
Let t = 1 - -6. Suppose 2 - t = -5*f. Let x = 7 + f. What is the units digit of x?
8
Suppose 218 = 4*n + 3*h, n + 2*n + 2*h = 163. What is the units digit of n?
3
Suppose -134 = -13*r + 11*r. What is the units digit of r?
7
Suppose 7*n - 3*n = 20. Let m(x) = -x**2 + 8*x + 4. Let p be m(5). Suppose -n*d = s + 2*s + 16, 3*s - p = 2*d. What is the units digit of s?
3
Let f be 130/(1 + 3 - 3). Let h = 220 - f. Suppose -3*v + 6*v + 3*d - 24 = 0, -5*d = -5*v + h. What is the tens digit of v?
1
Let f(m) = -10*m - 5. Let p be f(-5). Suppose 6*r - r = p. What is the units digit of r?
9
Suppose 4*a + 29 = 4*l + 69, -3*l = -2*a + 27. Let g be (11 + l)*2/4. Suppose g*z = 4*z - 24. What is the units digit of z?
2
Suppose 3*c + 118 = q, 4*q + c = -c + 500. What is the hundreds digit of q?
1
Let k(w) = 3*w + 8. What is the units digit of k(0)?
8
Suppose 0 = 2*s - 5 + 1. Let h = 1 - s. What is the units digit of h + 6 + (-2)/2?
4
Let y(s) = s**3 + 8*s**2 - s + 10. Suppose -5*p - 20 = -4*r - 72, -2*r + 5*p = 36. What is the tens digit of y(r)?
1
Let s be -2*3*(-2)/12. Let r(v) be the first derivative of